1)/(-1)*4 - -1. Suppose 4*p = 4*l + 7 + k, p - 5*l = -13. What is the greatest common factor of p and 7?
7
Let d be (-1)/2 + (-38)/(-4). Calculate the highest common factor of d and 3.
3
Let d be ((-15)/10)/((-3)/344). Suppose 2*j + 50 = 2*k + d, -k = 5. What is the greatest common factor of j and 8?
8
Suppose 4*u - 10 = 22. Suppose -u = -4*c, -6*v - 3*c = -v - 681. Calculate the highest common factor of v and 15.
15
Suppose 2*x - 6 = -4*v, 3*v + 0*x + 3*x = 3. Suppose 0*o + 31 = 3*b - o, 2 = b - v*o. What is the highest common factor of 30 and b?
6
Let g = 66 - 44. Let j be 2*(-3 + g/4). Let o be 314/j - 5/(-25). Calculate the highest common factor of 21 and o.
21
Let l = -3 + 3. Suppose 3*k = -l*k + 5*q + 10, -2*k + 8 = -2*q. Suppose -110 + 335 = k*j. What is the highest common divisor of j and 18?
9
Let v(z) = z**3 + 6*z**2 - 2*z - 9. Let b be v(-6). Suppose b*r - 38 = r. What is the greatest common factor of r and 19?
19
Let k be (-4)/(-3) - 18/(-27). Let s = -10 - -15. Suppose 2*b - 3*x = 0, b - k*x + s*x = 18. Calculate the greatest common factor of b and 54.
6
Let u be (-3)/(-2)*(-12)/9. Let w be (-2)/(-1 - u - 0). Let r be (-1*1)/(w/24). What is the highest common divisor of r and 84?
12
Let s = -60 - -140. Suppose -3*a + 0 = -j + 1, -j + 19 = 3*a. What is the greatest common divisor of j and s?
10
Let o(d) = -d**3 - 8*d**2 + 7*d - 4. Let p be o(-9). Suppose 21 = 5*t - p. Let j = t + 65. What is the highest common divisor of 9 and j?
9
Let g be -3 + (-1)/((-2)/20). Suppose g = 3*s - 2. What is the greatest common factor of s and 33?
3
Let m be (-2)/(2 - 81/42). Let y = 52 + m. Suppose -2*r - h = -0*r - y, 3*h - 42 = -3*r. What is the greatest common factor of 20 and r?
10
Let r be 2/(-8) + 226/8. Let p = 9 + 61. Calculate the greatest common factor of r and p.
14
Let g(o) = -o**3 + 7*o**2 + 3. Let x be g(7). What is the highest common factor of x and 12?
3
Suppose -3*f + 2*f = -16. Let q be 48/10*(9 + -4). Calculate the highest common factor of q and f.
8
Let g(a) = -6*a - 1. Let h be g(-2). Let l(w) = 10*w**3 + 2*w**2 - w + 2. Let z be l(2). Calculate the greatest common factor of h and z.
11
Suppose 0 = -3*m + 4*m. Suppose m*o - 18 = -3*o. Suppose 0*l + 4*j + 220 = 5*l, 5*l + j - 245 = 0. What is the highest common factor of l and o?
6
Let v(t) = 2*t**2 - t + 1. Let r be (2 - 1)/(3 + -2). Let l be v(r). Suppose -l*j = j - 24. Calculate the greatest common factor of j and 32.
8
Suppose 106 + 34 = 4*s. Let n(c) = c**2 - c - 5. Let w be n(4). Calculate the greatest common divisor of w and s.
7
Let k be 1 + 138/3 + -2. What is the highest common divisor of k and 18?
9
Suppose 0 = -8*h - 13*h + 2436. Calculate the highest common divisor of 174 and h.
58
Suppose -33 = 3*z + 15. Let j(b) = -35*b**3 - 1. Let i be j(1). Let g = z - i. What is the greatest common factor of 8 and g?
4
Let s be 1/5 + 19/5. Suppose 75 = f + s*f. Calculate the greatest common factor of 45 and f.
15
Let j = 22 - -26. What is the greatest common factor of 32 and j?
16
Suppose 4*d - 3*a - 108 = -0*a, -5*a - 70 = -3*d. What is the highest common divisor of d and 270?
30
Let f be ((-15)/(-4))/(9/36). Suppose 2*t = 43 - f. What is the greatest common factor of t and 126?
14
Let s = -132 + 198. What is the greatest common divisor of 6 and s?
6
Let w(o) = 54*o. Let p be w(1). Calculate the greatest common divisor of 6 and p.
6
Suppose 0 = 3*t + 2*k + 13, -4*t + 0*t + 5*k = -21. Let b = t - -11. Calculate the highest common divisor of b and 70.
10
Suppose 4*p - 3*p = 17. Let j(k) be the first derivative of -k**4/4 + 8*k**3/3 + 2*k**2 - 9*k + 3. Let o be j(7). What is the greatest common factor of p and o?
17
Let c = 594 + -407. Suppose w + w - c = o, o + 283 = 3*w. What is the highest common factor of w and 16?
16
Suppose 2*p - 66 = p. Let k(n) = 2*n**2 - 4*n + 1. Let l be k(3). Let i = l - 1. Calculate the greatest common divisor of i and p.
6
Suppose 58 = 5*r - 932. Calculate the greatest common factor of 66 and r.
66
Let x(z) = z**2 + 12*z + 4. Let y(u) = -u**2 - 12*u - 3. Let i(l) = 6*x(l) + 7*y(l). Let v be i(-12). Calculate the greatest common divisor of v and 1.
1
Suppose 9 = -5*s - 1. Let a be 1*(6 - -1) + s. Let j(u) = -u**3 + 9*u**2 - 7*u + 5. Let b be j(a). Calculate the highest common divisor of b and 10.
10
Let v = -33 + 77. What is the greatest common factor of 308 and v?
44
Let v = 14 - 11. Let h be (30/(-7))/(v/(-84)). What is the highest common divisor of 15 and h?
15
Let c(g) = 2*g**3 - 9*g**2 + g - 2. Let h be c(6). Suppose -2*u + h = 2*u. Calculate the greatest common divisor of 70 and u.
14
Let n(c) = 5*c - 21. Let s be n(15). What is the highest common divisor of s and 594?
54
Let k be ((-34)/(-4))/(3/30). What is the highest common divisor of 17 and k?
17
Suppose 3*f + 58 = 4*g, 3*f - 9 + 3 = 0. Let i = g + -8. Suppose 0 = 4*z + z - 10. What is the highest common divisor of z and i?
2
Suppose 0*m - m + 3 = 0. Suppose m*x = 6 + 39. Let c = -3 - -6. What is the highest common divisor of c and x?
3
Suppose -5*l + 43 = z, 0 = -2*l + 3*l - 4*z - 17. What is the highest common divisor of l and 15?
3
Let d(o) = o**2 - 3*o - 3. Let c be d(-4). Let l = 3 - 17. Let y = 24 + l. Calculate the greatest common factor of y and c.
5
Let p = 32 - 30. What is the highest common factor of p and 10?
2
Let i(b) = -b**2 - 10*b + 9. Let a be i(-10). Suppose -m + a = -13. What is the highest common factor of m and 242?
22
Let j(u) = u**2 - 5*u + 6. Let z be (-2)/4*(1 + -11). Let d be j(z). Suppose l = d*l - 60. Calculate the highest common divisor of 6 and l.
6
Let z(v) = v + 12. Let g be z(-7). Suppose -g - 1 = -u. What is the highest common divisor of u and 4?
2
Suppose 7*s = -139 + 3219. Calculate the greatest common divisor of 40 and s.
40
Let c be -2 + (-1)/((-1)/5). Let b be 15/c*16/(-20). Let n(j) = -8*j - 4. Let y be n(b). Calculate the greatest common divisor of 7 and y.
7
Let f(d) be the third derivative of d**5/5 + d**4/24 - d**3/3 + 2*d**2. Let q be f(2). What is the greatest common divisor of q and 6?
6
Let d(w) = -9*w**2 - 3*w - w**3 - 5 - 3*w - 3*w. Let g be d(-8). Let i(n) = 47*n - 1. Let q be i(g). What is the greatest common factor of 20 and q?
20
Let g = -83 - -149. Let a be 5 + 1*(3 + -2). What is the highest common divisor of a and g?
6
Let x be 0 + (1 + -2 - -76). Let d be (-145)/(-10) - (-3)/6. Calculate the highest common divisor of d and x.
15
Let l be (-5)/2 - (-2)/(-4). Let d be 9*l/6*2. Let r = d + 11. What is the greatest common divisor of 6 and r?
2
Let c be (56/49)/((-4)/(-14)). Let n = 46 + -18. Calculate the highest common divisor of c and n.
4
Let y = 227 - 74. What is the highest common factor of y and 17?
17
Let l(k) = 2*k**3 - 4*k**2 - 5*k + 1. Suppose 37 = 3*v + 5*i, -i + 12 = -2*v + 3*i. Let n be l(v). Calculate the greatest common divisor of n and 5.
5
Suppose 2*v = -5*y + 32, -3*y + 16 + 26 = 5*v. What is the greatest common divisor of 2 and v?
2
Let a = -125 + 216. Calculate the highest common factor of a and 26.
13
Suppose 6*n = 4*n + 16. Suppose -4*k + 360 = k. Calculate the highest common divisor of n and k.
8
Let m(h) = -6 - h**3 - 11*h - 4 - 9*h**2 + 1. Let j be m(-8). Suppose 0 = s - 0*s - j. Calculate the greatest common factor of s and 15.
15
Suppose 6*n - 2*n = -3*g + 66, 5*n + g - 77 = 0. What is the highest common divisor of 135 and n?
15
Suppose 4*g + 5*q + 41 = 0, -2 + 0 = 2*q. Let o = -6 - g. What is the highest common divisor of 6 and o?
3
Let f(h) = -41*h + 12. Let q(l) = -21*l + 6. Let a(p) = 4*f(p) - 7*q(p). Let k be a(-6). What is the greatest common divisor of k and 12?
12
Let q = -88 + 101. Calculate the greatest common divisor of 91 and q.
13
Let t(r) = 13*r**2 + r + 5. Let h(u) = -2*u**2 + 3*u - 2. Let a be h(2). Let f be t(a). Calculate the greatest common factor of f and 19.
19
Let j(g) = 9*g - 6. Suppose 0 = 6*y - 2*y - 16. Let i be j(y). Calculate the highest common divisor of i and 5.
5
Let t(q) be the first derivative of -q**2/2 + 19*q + 1. Let x be t(9). What is the greatest common divisor of x and 110?
10
Suppose 7*a - 2*a - 62 = -4*b, -16 = -a + b. What is the greatest common factor of 14 and a?
14
Let u be (-1)/(-3*3/90). What is the greatest common divisor of 10 and u?
10
Let a = 9 + -9. Let o 